hest common factor of 80 and 7880.
40
What is the greatest common factor of 60894 and 306?
306
What is the greatest common factor of 68 and 11356?
68
What is the highest common factor of 18 and 333?
9
What is the highest common factor of 371 and 265?
53
Calculate the greatest common factor of 687 and 48.
3
What is the highest common factor of 108 and 81?
27
Calculate the greatest common divisor of 685 and 19043.
137
What is the highest common divisor of 12 and 7116?
12
Calculate the highest common divisor of 32 and 54.
2
What is the highest common divisor of 39 and 6474?
39
Calculate the highest common factor of 510 and 867.
51
What is the highest common factor of 81 and 423?
9
Calculate the highest common divisor of 3071 and 37.
37
What is the highest common factor of 288 and 1072?
16
Calculate the highest common divisor of 960 and 180.
60
What is the greatest common factor of 93 and 1829?
31
What is the highest common divisor of 1839 and 3?
3
Calculate the highest common factor of 78 and 52.
26
Calculate the greatest common divisor of 506 and 22.
22
What is the highest common divisor of 23 and 184?
23
Calculate the greatest common factor of 137 and 411.
137
Calculate the greatest common factor of 374 and 1258.
34
Calculate the highest common factor of 22 and 6.
2
Calculate the greatest common divisor of 17409 and 21.
21
Calculate the greatest common divisor of 510 and 595.
85
What is the highest common divisor of 2740 and 16?
4
Calculate the highest common divisor of 561 and 2816.
11
Calculate the highest common divisor of 205 and 20705.
205
Calculate the greatest common factor of 1105 and 65.
65
Calculate the greatest common factor of 73 and 81.
1
Calculate the highest common divisor of 3634 and 395.
79
What is the highest common factor of 290 and 1798?
58
What is the greatest common factor of 2 and 389?
1
What is the highest common factor of 66 and 110?
22
Calculate the greatest common factor of 32 and 32.
32
Calculate the greatest common divisor of 9 and 9.
9
Calculate the greatest common factor of 10 and 70.
10
What is the greatest common factor of 44 and 22?
22
What is the highest common divisor of 54 and 1458?
54
Calculate the highest common factor of 675 and 25.
25
What is the greatest common divisor of 164 and 49118?
82
What is the greatest common factor of 4 and 194?
2
Calculate the greatest common factor of 11578 and 28.
14
What is the greatest common divisor of 250 and 25?
25
What is the highest common divisor of 1141 and 21?
7
Calculate the highest common factor of 36240 and 480.
240
Calculate the highest common divisor of 6 and 486.
6
What is the greatest common factor of 1520 and 100?
20
What is the greatest common divisor of 414 and 2916?
18
What is the highest common factor of 1134 and 126?
126
What is the highest common divisor of 21 and 105?
21
What is the highest common divisor of 161 and 115?
23
What is the greatest common factor of 1827 and 315?
63
Calculate the greatest common divisor of 222 and 21090.
222
Calculate the greatest common factor of 112 and 16.
16
Calculate the highest common factor of 8 and 200.
8
What is the greatest common divisor of 2270 and 10?
10
Calculate the greatest common divisor of 2 and 50.
2
What is the greatest common divisor of 3367 and 364?
91
Calculate the highest common factor of 30 and 9.
3
Calculate the highest common divisor of 273 and 21.
21
Calculate the greatest common factor of 1656 and 144.
72
Calculate the greatest common factor of 7931 and 308.
77
What is the greatest common divisor of 18 and 58?
2
Calculate the highest common factor of 520 and 160.
40
What is the greatest common factor of 1084 and 3523?
271
What is the greatest common divisor of 189 and 903?
21
What is the greatest common factor of 150 and 950?
50
Calculate the greatest common factor of 676 and 286.
26
What is the highest common factor of 3901 and 94?
47
Calculate the highest common factor of 99 and 144.
9
What is the greatest common divisor of 167 and 4008?
167
Calculate the greatest common divisor of 22 and 946.
22
What is the highest common factor of 234 and 286?
26
Calculate the highest common factor of 3549 and 4368.
273
What is the highest common factor of 108 and 9?
9
Calculate the greatest common divisor of 1199 and 2507.
109
What is the greatest common divisor of 101 and 5050?
101
Calculate the greatest common factor of 2810 and 10.
10
Calculate the greatest common divisor of 442 and 416.
26
Calculate the greatest common factor of 3440 and 56.
8
Calculate the highest common factor of 42 and 2499.
21
What is the highest common factor of 264 and 33?
33
What is the greatest common factor of 180 and 132?
12
Calculate the highest common divisor of 1800 and 108.
36
Calculate the greatest common factor of 1755 and 270.
135
What is the greatest common divisor of 13 and 1963?
13
What is the highest common factor of 1377 and 17?
17
What is the greatest common divisor of 37 and 1591?
37
Calculate the highest common factor of 35 and 5.
5
Calculate the greatest common factor of 74 and 22.
2
What is the highest common divisor of 30 and 2670?
30
Calculate the greatest common divisor of 35 and 560.
35
What is the highest common divisor of 42 and 105?
21
Calculate the greatest common divisor of 319 and 522.
29
Calculate the greatest common divisor of 304 and 2698.
38
What is the highest common factor of 518 and 70?
14
Calculate the highest common factor of 1854 and 306.
18
Calculate the highest common factor of 1734 and 799.
17
Calculate the greatest common divisor of 110 and 95.
5
What is the highest common factor of 30 and 390?
30
What is the greatest common factor of 1473 and 12?
3
Calculate the highest common divisor of 116 and 1102.
58
Calculate the highest common divisor of 518 and 4958.
74
Calculate the highest common divisor of 68 and 697.
17
Calculate the greatest common factor of 18 and 3042.
18
What is the greatest common divisor of 312 and 39?
39
Calculate the greatest common divisor of 2771 and 17.
17
What is the greatest common factor of 285 and 1515?
15
Calculate the highest common divisor of 15 and 60.
15
Calculate the highest common divisor of 11609 and 988.
247
Calculate the highest common factor of 33 and 572.
11
Calculate the greatest common divisor of 803 and 737.
11
What is the greatest common divisor of 3 and 3?
3
Calculate the greatest common divisor of 1876 and 134.
134
What is the greatest common divisor of 32 and 1?
1
Calculate the greatest common factor of 3 and 9042.
3
Calculate the greatest common factor of 77 and 9394.
77
Calculate the highest common divisor of 32 and 6.
2
Calculate the highest common factor of 69 and 5129.
23
Calculate the greatest common factor of 1795 and 2154.
359
What is the highest common factor of 238 and 12274?
34
Calculate the highest common factor of 2 and 878.
2
Calculate the greatest common divisor of 330 and 154.
22
Calculate the highest common divisor of 26344 and 74.
74
What is the highest common divisor of 12 and 108?
12
What is the highest common divisor of 7 and 259?
7
What is the greatest common factor of 8 and 8?
8
What is the greatest common factor of 44 and 110?
22
Calculate the highest common factor of 96 and 132.
12
What is the greatest common divisor of 30 and 26880?
30
Calculate the highest common divisor of 7897 and 159.
53
What is the greatest common factor of 1035 and 90?
45
What is the highest common divisor of 16 and 464?
16
Calculate the highest common factor of 19162 and 858.
286
What is the highest common divisor of 425 and 68?
17
Calculate the greatest common factor of 8460 and 45.
45
What is the greatest common divisor of 3473 and 92?
23
Calculate the highest common divisor of 69 and 3.
3
What is the greatest common factor of 1956 and 12?
12
What is the highest common divisor of 150 and 120?
30
Calculate the greatest common divisor of 6 and 24.
6
What is the highest common divisor of 765 and 18?
9
What is the highest common factor of 72 and 192?
24
Calculate the highest common divisor of 4708 and 88.
44
What is the greatest common divisor of 149 and 35462?
149
What is the greatest common factor of 2488 and 16?
8
What is the greatest common divisor of 350 and 315?
35
What is the greatest common factor of 152 and 57?
19
Calculate the 